the remainder when 94 is divided by m?
30
Let z = -9839 - -9911. What is the remainder when 84 is divided by z?
12
Let v(l) = -l + 48. Suppose -g = 15*j - 16*j + 180, -j = -3*g - 178. What is the remainder when j is divided by v(17)?
26
Let s = -251 - -148. Let i = s - -128. Suppose -27*a + 4 = -i*a. Calculate the remainder when 3 is divided by a.
1
Let a = -297 + 196. Let h = a - -170. Suppose 45*w - h = 42*w. Calculate the remainder when 114 is divided by w.
22
Suppose 5*j - 2107 = -3*g, -4*j = 4*g - 1474 - 218. Calculate the remainder when j is divided by 70.
69
Suppose 4*l = 12 + 4, 0 = -5*p - 3*l - 3. Calculate the remainder when 153 is divided by 6 + p + (-12)/(-4).
3
Let s = -13 + 78. Suppose 0 = 76*k - 1743 - 917. What is the remainder when s is divided by k?
30
Let s(v) be the second derivative of -25*v**3/6 + 5*v**2/2 + 4*v - 7. What is the remainder when 204 is divided by s(-1)?
24
Suppose -1183 = -34*f + 21*f. What is the remainder when f is divided by 13?
0
Let t(p) = 2*p**2 + 26 + 2*p**2 - 24 - 2*p**2 + 3*p. Suppose -m - 4 + 7 = 0. What is the remainder when 114 is divided by t(m)?
27
Let b = -2158 + 2297. Calculate the remainder when b is divided by 102.
37
Let p(d) = -2*d + 8. Let g be p(8). What is the remainder when 7 is divided by 5*-6*g/48?
2
Let d = 5029 - 4830. Calculate the remainder when d is divided by 1 + -1 + 2 + 14.
7
Let q = 6028 + -6012. Calculate the remainder when q is divided by 1.
0
Let h = -488 - -494. Suppose h*x - 4*x = 2*c - 156, 0 = 2*c + 3*x - 181. Let u(l) = l**2 - l + 14. Calculate the remainder when c is divided by u(0).
13
Let l be (3 - 5)/((-6)/2001). Let u = l + -624. What is the remainder when 100 is divided by u?
14
Let m(u) = -7*u**3 - 175*u**2 + 4*u + 181. What is the remainder when 384 is divided by m(-25)?
60
Suppose t - 130 = -4*r, -2*t + 2*r + 285 - 5 = 0. Let l = -123 + t. Calculate the remainder when 282 is divided by l.
12
Suppose 4*m = -4*t + 6 + 2, 0 = -5*t - 25. Let d(n) = 20*n - 46. Let z be d(m). Let g = z - 82. What is the remainder when 82 is divided by g?
10
Suppose 13*z = 6*z + 1715. Let a = -214 + z. What is the remainder when a is divided by 8?
7
Let f(x) = 3*x**2 + 7*x - 2. Let s(r) be the first derivative of -9*r**2/2 + 2*r - 62. What is the remainder when f(-6) is divided by s(-1)?
9
Let v(z) be the second derivative of 11*z**4/4 + z**3/2 + 2*z**2 + 48*z. Calculate the remainder when v(-1) is divided by 1*9*(2 + -1).
7
Suppose -2046*f = -2043*f - 21, 5*n - 2*f = 3641. Calculate the remainder when n is divided by 360.
11
Let y = -726 + 728. Calculate the remainder when 654 is divided by y.
0
Suppose -2*j + 5*l = -347, 5*j + 0*l - 920 = -5*l. Let s(n) = -n**2 + 15*n - 2. Let x be s(15). What is the remainder when j is divided by x + 10 + -4 + 42?
43
Suppose -2345 + 18438 = 130*l - 14977. What is the remainder when l is divided by 56?
15
Let x(n) = -2*n + 86. Let r be x(-12). Let y = 142 - r. What is the remainder when y is divided by 18?
14
Let k = -710 + 702. What is the remainder when 637 is divided by ((-20)/(-9))/(k/(-72))?
17
Suppose -5*n + 2771 = -g, -2822 = -4*n - 9*g - 615. What is the remainder when n is divided by 7?
1
Suppose 84*g - 182 = c + 85*g, 0 = -4*c + 3*g - 742. Let p = c - -294. Calculate the remainder when p is divided by 23.
18
Let n = 19 + -10. Let k be (0 - n/(-12))/((-2)/(-16)). What is the remainder when 35 is divided by k*-21*6/(-27) + -3?
10
What is the remainder when 451 is divided by (0 - 228/(-30))/(2/20)?
71
Let a = 81 - 131. Let d(u) = -3184*u - 92301. Calculate the remainder when d(-29) is divided by 18/(-15)*a/3.
15
Let r be 223 + 6/(-2) + (-1 - -1). Suppose 0 = -6*a - 4*a + r. Suppose -5*p + a - 2 = 0. Calculate the remainder when 19 is divided by p.
3
Let t = -19652 - -19756. What is the remainder when 352 is divided by t?
40
Let r(w) = 2*w**3 + 86*w**2 + 80*w - 155. What is the remainder when 19 is divided by r(-42)?
6
What is the remainder when (-208)/(-52) - (-5 + (-105 - 1)) is divided by (-4)/(-6) + (-350)/(-6)?
56
Suppose 51*v - 35*v + 97*v - 21470 = 0. What is the remainder when v is divided by 97?
93
Suppose 9*a + 1118 = d + 5*a, 3*d + 3*a - 3369 = 0. Calculate the remainder when d is divided by 372.
6
Suppose 2*o + 1226 = -4*n + 5*o, 0 = 3*o + 6. Let a = -282 - n. What is the remainder when a is divided by 15?
11
Let l(p) = 265*p**2 + 7*p - 2. Suppose 3*f = -2*h - 3*h + 14, -4*h + 5*f - 11 = 0. What is the remainder when l(h) is divided by 69?
63
Let t(f) = f**2 - 6*f + 14. Suppose -2*c = 3*m - 2*m + 974, 3*c - m = -1466. What is the remainder when c/(-6) + (-20)/(-30) is divided by t(6)?
12
Suppose d = 21*j - 18*j - 20, 5*d = -5*j. Suppose r - 106 - 95 = -5*k, -j*k + r = -199. Suppose -44 = -0*n - 4*n. What is the remainder when k is divided by n?
7
Suppose 0 = 5*v + 5*p - 85, 0 = 5*v - 3*p + p - 71. Suppose -479 = -4*g + 5*m, 4*m - m = v. Let n = 132 - g. Calculate the remainder when 11 is divided by n.
5
Suppose 0 = 137*z - 13485 + 1155. What is the remainder when 94 is divided by z?
4
Let h = 1700 - 1567. Let z = h - 15. Suppose 2*c = 3*c - 24. What is the remainder when z is divided by c?
22
Let a be (202/303)/(1 - 14/18). What is the remainder when 358 is divided by 3 - (12 - a) - -46?
38
Let i be 1 + 6 + 60/10. Suppose i*o - 97 = 176. What is the remainder when 38 is divided by o?
17
Suppose 89*q - 281*q + 106802 = -46990. Calculate the remainder when q is divided by 41.
22
Let w = 310 + -304. Suppose 5*s = -w*s + 33. What is the remainder when 7 is divided by s?
1
Let o be ((-7)/(-14))/((-2)/(-20)) + 17. Suppose 1 + 20 = -4*j - r, 2*j + 3*r = -13. Let q = j + o. Calculate the remainder when q is divided by 6.
5
Let u be (-5)/((-5)/(-136)) - (0 + 3). Let b = -59 - u. Suppose 115*c - 107*c - 216 = 0. Calculate the remainder when b is divided by c.
26
Let q = -1903 + 1972. Let x(f) = f**2 + 4*f - 10. What is the remainder when x(-14) is divided by q?
61
Suppose 419*c - 415*c - j = 3518, -j - 1758 = -2*c. What is the remainder when c is divided by 34?
30
Let s = -15 + 24. Suppose -s = -3*p + 33. Let l = p + 3. Calculate the remainder when 48 is divided by l.
14
Suppose -m - 29 = 3*f, -5*f + 6*f - 2 = 0. Let p = 126 + -85. Let h = m + p. Calculate the remainder when 16 is divided by h.
4
Let o(m) = 15*m**2 - 3*m + 8. What is the remainder when 117 is divided by o(2)?
55
Let h(w) = -42*w - 2760. What is the remainder when 1018 is divided by h(-67)?
46
Calculate the remainder when 1935 is divided by (12/(-2) - -3)*4309/(-93).
128
Let y = -2511 + 2900. What is the remainder when y is divided by 17?
15
Let l = -21062 - -21507. What is the remainder when 1345 is divided by l?
10
Suppose -4*z + 112 = -z + 4*j, 0 = -2*j + 8. Let t = 83 - z. Suppose 4*l - 135 + t = 0. Calculate the remainder when 62 is divided by l.
20
Suppose 5*x + 7*s - 173 = 11*s, 0 = x + 4*s - 49. Suppose -x*o = -34*o - 207. Calculate the remainder when 619 is divided by o.
67
Let g = 392 - 268. Let a(k) = -15*k - 48. What is the remainder when g is divided by a(-6)?
40
Suppose 8*l = 6*l + 5*j + 10, -2*j = 3*l + 23. Calculate the remainder when 34 is divided by (2 + 17)/(l/(-9 + 4)).
15
Let h(b) = -b**3 + 14*b**2 + 7*b - 88. Let w be h(14). Calculate the remainder when (-214)/(-1)*(13 - 8)/w is divided by 24.
11
Let j = 38 - -12. Suppose 3*k + 2*o - 24 = 41, -k + 5*o + j = 0. Suppose k*p - 21*p = 132. Calculate the remainder when p is divided by 17.
16
Suppose -555*g + 114*g = -11013 - 34851. What is the remainder when g is divided by 7?
6
Let r(h) = -7*h**2 - 2*h - 5. Let q be r(3). Suppose 5*a - 3*f + 275 = 0, 4*f - 86 = 2*a + 24. Let i = a - q. Calculate the remainder when 54 is divided by i.
16
What is the remainder when (1134/(-5))/(14/((-280)/6)) is divided by 85?
76
Let l = -267 - -311. Suppose -2*n + 3*n + 4*y = 37, -2*y = 2*n - l. What is the remainder when 62 is divided by n?
11
Let f be -3*(7/3)/(-1). Suppose f*w + 48 = w. What is the remainder when 10 is divided by (-68)/(-18) + (-3)/108*w?
2
Calculate the remainder when 396 is divided by (-6)/(-8) + 5630/56 - 2/7.
93
Let x = 122 - 69. Suppose 0 = 5*v - 5, 5*v + x = 5*c + 233. Let p = 48 + c. Calculate the remainder when 24 is divided by p.
11
Let k = 163 - 161. Calculate the remainder when -157*(7